{"id":3409,"date":"2020-02-17T14:51:06","date_gmt":"2020-02-17T13:51:06","guid":{"rendered":"http:\/\/www.epefrance.org\/?page_id=3409"},"modified":"2020-11-10T20:24:56","modified_gmt":"2020-11-10T19:24:56","slug":"2018-2019","status":"publish","type":"page","link":"https:\/\/www.epefrance.org\/fr\/2018-2019\/","title":{"rendered":"2018\/2019"},"content":{"rendered":"<p>Os dois concursos, dinamizados pela CEPE em 2018\/2019, t\u00eam como finalidade desenvolver, nos alunos, compet\u00eancias de literacia em l\u00edngua portuguesa, estimular o gosto pela leitura, promover o conhecimento da obra liter\u00e1ria de Sophia de Mello Breyner Andresen, no \u00e2mbito do centen\u00e1rio do nascimento da autora.<\/p>\n<p style=\"text-align: center;\"><strong>Concursos CEPE<\/strong><\/p>\n<p style=\"text-align: center;\"><strong>Concurso \u00ab\u00a0Sophia Ilustrada\u00a0\u00bb<\/strong><\/p>\n<p style=\"text-align: center;\"><a href=\"https:\/\/www.epefrance.org\/wp-content\/uploads\/2018\/10\/concurso-sophia-ilustrada-SMB.jpg\" target=\"_blank\" rel=\"noopener noreferrer\"><img loading=\"lazy\" decoding=\"async\" class=\"details-image aligncenter\" draggable=\"false\" src=\"https:\/\/www.epefrance.org\/wp-content\/uploads\/2018\/10\/concurso-sophia-ilustrada-SMB-724x1024.jpg\" alt=\"\" width=\"444\" height=\"628\" \/><\/a><a href=\"https:\/\/www.epefrance.org\/wp-content\/uploads\/2018\/10\/Regulamento-Sophia-Ilustrada-SMB.pdf\" target=\"_blank\" rel=\"noopener noreferrer\">Regulamento<\/a><\/p>\n<p>&nbsp;<\/p>\n<p style=\"text-align: center;\"><strong>Concurso Fotogr\u00e1fico de leitura Sophia de Mello Breyner Andresen<\/strong><\/p>\n<p><a href=\"https:\/\/www.epefrance.org\/wp-content\/uploads\/2018\/10\/concurso-fotogr\u00e1fico-SMB.jpg\" target=\"_blank\" rel=\"noopener noreferrer\"><img loading=\"lazy\" decoding=\"async\" class=\"details-image aligncenter\" draggable=\"false\" src=\"https:\/\/www.epefrance.org\/wp-content\/uploads\/2018\/10\/concurso-fotogr\u00e1fico-SMB-1024x724.jpg\" alt=\"\" width=\"638\" height=\"451\" \/><\/a><u><\/u><\/p>\n<p style=\"text-align: center;\"><a href=\"https:\/\/www.epefrance.org\/wp-content\/uploads\/2018\/10\/Regulamento-Concurso-Fotogr\u00e1fico-de-Leitura-SMB.pdf\" target=\"_blank\" rel=\"noopener noreferrer\">Regulamento<\/a><\/p>\n<p style=\"text-align: center;\"><strong>Concurso ADEPBA<\/strong><\/p>\n<p>O concurso organizado pela ADEPBA (Association pour le D\u00e9veloppement des Etudes Portugaises, Br\u00e9siliennes, D&rsquo;Afrique et d&rsquo;Asie Lusophones) pretende desenvolver nos alunos os seus conhecimentos, fazendo apelo \u00e0s suas vis\u00f5es, testemunhos, emo\u00e7\u00f5es e criatividade\u00a0sobre o tema \u00ab\u00a0Portugal e a Grande Guerra (1914-1918)\u00a0\u00bb.<\/p>\n<p><img loading=\"lazy\" decoding=\"async\" class=\"details-image aligncenter\" draggable=\"false\" src=\"https:\/\/www.epefrance.org\/wp-content\/uploads\/2018\/10\/ADEPBA-Concours-scolaire-2018-19-724x1024.jpg\" alt=\"\" width=\"367\" height=\"519\" \/><\/p>\n<p style=\"text-align: center;\"><a href=\"https:\/\/www.epefrance.org\/wp-content\/uploads\/2018\/10\/Regulamento.pdf\" target=\"_blank\" rel=\"noopener noreferrer\">Regulamento<\/a><\/p>\n<p style=\"text-align: center;\"><a href=\"https:\/\/www.epefrance.org\/wp-content\/uploads\/2018\/10\/Boletim-de-participacao.pdf\" target=\"_blank\" rel=\"noopener noreferrer\">Boletim de participa\u00e7\u00e3o<\/a><\/p>\n","protected":false},"excerpt":{"rendered":"<p>Os dois concursos, dinamizados pela CEPE em 2018\/2019, t\u00eam como finalidade desenvolver, nos alunos, compet\u00eancias de literacia em l\u00edngua portuguesa, estimular o gosto pela leitura, promover o conhecimento da obra liter\u00e1ria de Sophia de Mello Breyner Andresen, no \u00e2mbito do centen\u00e1rio do nascimento da autora. Concursos CEPE Concurso \u00ab\u00a0Sophia Ilustrada\u00a0\u00bb Regulamento &nbsp; Concurso Fotogr\u00e1fico de [&hellip;]<\/p>\n","protected":false},"author":4,"featured_media":0,"parent":0,"menu_order":0,"comment_status":"closed","ping_status":"closed","template":"","meta":{"_acf_changed":false,"footnotes":""},"class_list":["post-3409","page","type-page","status-publish","hentry"],"acf":[],"_links":{"self":[{"href":"https:\/\/www.epefrance.org\/fr\/wp-json\/wp\/v2\/pages\/3409","targetHints":{"allow":["GET"]}}],"collection":[{"href":"https:\/\/www.epefrance.org\/fr\/wp-json\/wp\/v2\/pages"}],"about":[{"href":"https:\/\/www.epefrance.org\/fr\/wp-json\/wp\/v2\/types\/page"}],"author":[{"embeddable":true,"href":"https:\/\/www.epefrance.org\/fr\/wp-json\/wp\/v2\/users\/4"}],"replies":[{"embeddable":true,"href":"https:\/\/www.epefrance.org\/fr\/wp-json\/wp\/v2\/comments?post=3409"}],"version-history":[{"count":3,"href":"https:\/\/www.epefrance.org\/fr\/wp-json\/wp\/v2\/pages\/3409\/revisions"}],"predecessor-version":[{"id":4033,"href":"https:\/\/www.epefrance.org\/fr\/wp-json\/wp\/v2\/pages\/3409\/revisions\/4033"}],"wp:attachment":[{"href":"https:\/\/www.epefrance.org\/fr\/wp-json\/wp\/v2\/media?parent=3409"}],"curies":[{"name":"wp","href":"https:\/\/api.w.org\/{rel}","templated":true}]}}

<p>Os dois concursos, dinamizados pela CEPE em 2018/2019, têm como finalidade desenvolver, nos alunos, competências de literacia em língua portuguesa, estimular o gosto pela leitura, promover o conhecimento da obra literária de Sophia de Mello Breyner Andresen, no âmbito do centenário do nascimento da autora.</p>
<p style="text-align: center;"><strong>Concursos CEPE</strong></p>
<p style="text-align: center;"><strong>Concurso « Sophia Ilustrada »</strong></p>
<p style="text-align: center;"><a href="https://www.epefrance.org/wp-content/uploads/2018/10/concurso-sophia-ilustrada-SMB.jpg" target="_blank" rel="noopener noreferrer"><img loading="lazy" decoding="async" class="details-image aligncenter" draggable="false" src="https://www.epefrance.org/wp-content/uploads/2018/10/concurso-sophia-ilustrada-SMB-724x1024.jpg" alt="" width="444" height="628" /></a><a href="https://www.epefrance.org/wp-content/uploads/2018/10/Regulamento-Sophia-Ilustrada-SMB.pdf" target="_blank" rel="noopener noreferrer">Regulamento</a></p>
<p>&nbsp;</p>
<p style="text-align: center;"><strong>Concurso Fotográfico de leitura Sophia de Mello Breyner Andresen</strong></p>
<p><a href="https://www.epefrance.org/wp-content/uploads/2018/10/concurso-fotográfico-SMB.jpg" target="_blank" rel="noopener noreferrer"><img loading="lazy" decoding="async" class="details-image aligncenter" draggable="false" src="https://www.epefrance.org/wp-content/uploads/2018/10/concurso-fotográfico-SMB-1024x724.jpg" alt="" width="638" height="451" /></a><u></u></p>
<p style="text-align: center;"><a href="https://www.epefrance.org/wp-content/uploads/2018/10/Regulamento-Concurso-Fotográfico-de-Leitura-SMB.pdf" target="_blank" rel="noopener noreferrer">Regulamento</a></p>
<p style="text-align: center;"><strong>Concurso ADEPBA</strong></p>
<p>O concurso organizado pela ADEPBA (Association pour le Développement des Etudes Portugaises, Brésiliennes, D&rsquo;Afrique et d&rsquo;Asie Lusophones) pretende desenvolver nos alunos os seus conhecimentos, fazendo apelo às suas visões, testemunhos, emoções e criatividade sobre o tema « Portugal e a Grande Guerra (1914-1918) ».</p>
<p><img loading="lazy" decoding="async" class="details-image aligncenter" draggable="false" src="https://www.epefrance.org/wp-content/uploads/2018/10/ADEPBA-Concours-scolaire-2018-19-724x1024.jpg" alt="" width="367" height="519" /></p>
<p style="text-align: center;"><a href="https://www.epefrance.org/wp-content/uploads/2018/10/Regulamento.pdf" target="_blank" rel="noopener noreferrer">Regulamento</a></p>
<p style="text-align: center;"><a href="https://www.epefrance.org/wp-content/uploads/2018/10/Boletim-de-participacao.pdf" target="_blank" rel="noopener noreferrer">Boletim de participação</a></p>

<p>Os dois concursos, dinamizados pela CEPE em 2018/2019, têm como finalidade desenvolver, nos alunos, competências de literacia em língua portuguesa, estimular o gosto pela leitura, promover o conhecimento da obra literária de Sophia de Mello Breyner Andresen, no âmbito do centenário do nascimento da autora. Concursos CEPE Concurso « Sophia Ilustrada » Regulamento &nbsp; Concurso Fotográfico de [&hellip;]</p>
