{"id":6347,"date":"2024-09-01T16:05:10","date_gmt":"2024-09-01T16:05:10","guid":{"rendered":"http:\/\/www.epefrance.org\/?page_id=6347"},"modified":"2026-02-27T14:18:22","modified_gmt":"2026-02-27T14:18:22","slug":"lycee","status":"publish","type":"page","link":"https:\/\/www.epefrance.org\/fr\/lycee\/","title":{"rendered":"Lyc\u00e9e"},"content":{"rendered":"<p><strong>Coll\u00e8ge e Lyc\u00e9e<\/strong><br \/>\nO ensino do portugu\u00eas nos <em>Coll\u00e8ges<\/em> e <em>Lyc\u00e9es<\/em> \u00e9 da responsabilidade do Minist\u00e9rio da Educa\u00e7\u00e3o franc\u00eas e\u00a0\u00e9 integrado no curriculo escolar do aluno. Consulte a <a href=\"http:\/\/adepba.fr\/1er---2nd-degres.html\">lista de estabelecimentos<\/a>\u00a0que prop\u00f5em portugu\u00eas como LVE &#8211; Lingua Viva Estrangeira.<\/p>\n<p><strong>Sec\u00e7\u00f5es Internacionais Portuguesas<\/strong><br \/>\n<a href=\"https:\/\/www.epefrance.org\/seccoes-internacionais-portuguesas\/\" target=\"_blank\" rel=\"noopener\">O ensino do portugu\u00eas nas sec\u00e7\u00f5es internacionais<\/a> \u00e9 um dispositivo proposto pelo sistema educativo franc\u00eas e apoiado pelo governo portugu\u00eas. As sec\u00e7\u00f5es internacionais portuguesas preparam os alunos para os exames de L\u00edngua e Literatura portuguesa e de Hist\u00f3ria e Geografia. O OIB (op\u00e7\u00e3o internacional do <em>Baccalaur\u00e9at<\/em>) \u00a0constitui uma mais valia para o acesso aos melhores estabelecimentos de ensino superior e abre portas no mercado de trabalho.<\/p>\n<p><strong>EIE \u2013 Enseignement inter-\u00e9tablissement (ensino secund\u00e1rio)<br \/>\n<\/strong>Ensino da l\u00edngua portuguesa no ensino secund\u00e1rio : 2nde; 1\u00e8re e Terminale. Acess\u00edvel a todos os alunos mesmo que estejam escolarizados noutro estabelecimento escolar.<\/p>\n<p><img loading=\"lazy\" decoding=\"async\" class=\"wp-image-6879 alignnone\" src=\"https:\/\/www.epefrance.org\/wp-content\/uploads\/2023\/11\/Portugais-PrePost-bac.png\" alt=\"\" width=\"687\" height=\"324\" srcset=\"https:\/\/www.epefrance.org\/wp-content\/uploads\/2023\/11\/Portugais-PrePost-bac.png 1154w, https:\/\/www.epefrance.org\/wp-content\/uploads\/2023\/11\/Portugais-PrePost-bac-300x141.png 300w, https:\/\/www.epefrance.org\/wp-content\/uploads\/2023\/11\/Portugais-PrePost-bac-1024x483.png 1024w, https:\/\/www.epefrance.org\/wp-content\/uploads\/2023\/11\/Portugais-PrePost-bac-768x362.png 768w\" sizes=\"auto, (max-width: 687px) 100vw, 687px\" \/><\/p>\n<p><img loading=\"lazy\" decoding=\"async\" class=\"alignnone wp-image-6700 \" src=\"https:\/\/www.epefrance.org\/wp-content\/uploads\/2023\/09\/Enseignement-inter-etablissement.png\" alt=\"\" width=\"621\" height=\"295\" \/><strong>Ensino Associativo<br \/>\n<\/strong><a href=\"https:\/\/www.epefrance.org\/wp-content\/uploads\/2024\/09\/Rede-Cursos-AES-2024-25-Site-Web.pdf\" target=\"_blank\" rel=\"noopener\">Cursos para os alunos dos 2\u00b0 e\u00a03\u00b0\u00a0ciclos e Secund\u00e1rio (c<em>o<\/em><em>ll\u00e8ge<\/em>\u00a0\/<em>Lyc\u00e9e)<\/em><\/a><br \/>\nO Cam\u00f5es I.P. coloca professores em associa\u00e7\u00f5es para lecionar cursos de portugu\u00eas em localidades onde n\u00e3o existe nos <em>coll\u00e8ges<\/em> e <em>lyc\u00e9es<\/em>. Os programas lecionados nestes cursos seguem o quadro europeu comum de refer\u00eancia para as l\u00ednguas (CECRL). Os alunos podem obter um certificado de n\u00edvel de profici\u00eancia de l\u00edngua reconhecido oficialmente na Europa, realizando um exame de certifica\u00e7\u00e3o. Estes exames s\u00e3o da responsabilidade do Cam\u00f5es I.P. e do Minist\u00e9rio da educa\u00e7\u00e3o portugu\u00eas e realizam-se anualmente em Fran\u00e7a, nas regi\u00f5es onde h\u00e1 candidatos.<\/p>\n<p><a href=\"https:\/\/www.epefrance.org\/wp-content\/uploads\/2026\/02\/Formulario-Inscricao-AES-2026-2027_bilingue.pdf\" target=\"_blank\" rel=\"noopener\"><strong>Formul\u00e1rio de inscri\u00e7\u00e3o para o ensino associativo &#8211; \u00a0ano letivo 2026\/2027<\/strong><\/a><\/p>\n","protected":false},"excerpt":{"rendered":"<p>Coll\u00e8ge e Lyc\u00e9e O ensino do portugu\u00eas nos Coll\u00e8ges e Lyc\u00e9es \u00e9 da responsabilidade do Minist\u00e9rio da Educa\u00e7\u00e3o franc\u00eas e\u00a0\u00e9 integrado no curriculo escolar do aluno. Consulte a lista de estabelecimentos\u00a0que prop\u00f5em portugu\u00eas como LVE &#8211; Lingua Viva Estrangeira. Sec\u00e7\u00f5es Internacionais Portuguesas O ensino do portugu\u00eas nas sec\u00e7\u00f5es internacionais \u00e9 um dispositivo proposto pelo sistema [&hellip;]<\/p>\n","protected":false},"author":1,"featured_media":0,"parent":0,"menu_order":0,"comment_status":"closed","ping_status":"closed","template":"","meta":{"_acf_changed":false,"footnotes":""},"class_list":["post-6347","page","type-page","status-publish","hentry"],"acf":[],"_links":{"self":[{"href":"https:\/\/www.epefrance.org\/fr\/wp-json\/wp\/v2\/pages\/6347","targetHints":{"allow":["GET"]}}],"collection":[{"href":"https:\/\/www.epefrance.org\/fr\/wp-json\/wp\/v2\/pages"}],"about":[{"href":"https:\/\/www.epefrance.org\/fr\/wp-json\/wp\/v2\/types\/page"}],"author":[{"embeddable":true,"href":"https:\/\/www.epefrance.org\/fr\/wp-json\/wp\/v2\/users\/1"}],"replies":[{"embeddable":true,"href":"https:\/\/www.epefrance.org\/fr\/wp-json\/wp\/v2\/comments?post=6347"}],"version-history":[{"count":16,"href":"https:\/\/www.epefrance.org\/fr\/wp-json\/wp\/v2\/pages\/6347\/revisions"}],"predecessor-version":[{"id":7845,"href":"https:\/\/www.epefrance.org\/fr\/wp-json\/wp\/v2\/pages\/6347\/revisions\/7845"}],"wp:attachment":[{"href":"https:\/\/www.epefrance.org\/fr\/wp-json\/wp\/v2\/media?parent=6347"}],"curies":[{"name":"wp","href":"https:\/\/api.w.org\/{rel}","templated":true}]}}

Lycée

<p><strong>Collège e Lycée</strong><br />
O ensino do português nos <em>Collèges</em> e <em>Lycées</em> é da responsabilidade do Ministério da Educação francês e é integrado no curriculo escolar do aluno. Consulte a <a href="http://adepba.fr/1er---2nd-degres.html">lista de estabelecimentos</a> que propõem português como LVE &#8211; Lingua Viva Estrangeira.</p>
<p><strong>Secções Internacionais Portuguesas</strong><br />
<a href="https://www.epefrance.org/seccoes-internacionais-portuguesas/" target="_blank" rel="noopener">O ensino do português nas secções internacionais</a> é um dispositivo proposto pelo sistema educativo francês e apoiado pelo governo português. As secções internacionais portuguesas preparam os alunos para os exames de Língua e Literatura portuguesa e de História e Geografia. O OIB (opção internacional do <em>Baccalauréat</em>)  constitui uma mais valia para o acesso aos melhores estabelecimentos de ensino superior e abre portas no mercado de trabalho.</p>
<p><strong>EIE – Enseignement inter-établissement (ensino secundário)<br />
</strong>Ensino da língua portuguesa no ensino secundário : 2nde; 1ère e Terminale. Acessível a todos os alunos mesmo que estejam escolarizados noutro estabelecimento escolar.</p>
<p><img loading="lazy" decoding="async" class="wp-image-6879 alignnone" src="https://www.epefrance.org/wp-content/uploads/2023/11/Portugais-PrePost-bac.png" alt="" width="687" height="324" srcset="https://www.epefrance.org/wp-content/uploads/2023/11/Portugais-PrePost-bac.png 1154w, https://www.epefrance.org/wp-content/uploads/2023/11/Portugais-PrePost-bac-300x141.png 300w, https://www.epefrance.org/wp-content/uploads/2023/11/Portugais-PrePost-bac-1024x483.png 1024w, https://www.epefrance.org/wp-content/uploads/2023/11/Portugais-PrePost-bac-768x362.png 768w" sizes="auto, (max-width: 687px) 100vw, 687px" /></p>
<p><img loading="lazy" decoding="async" class="alignnone wp-image-6700 " src="https://www.epefrance.org/wp-content/uploads/2023/09/Enseignement-inter-etablissement.png" alt="" width="621" height="295" /><strong>Ensino Associativo<br />
</strong><a href="https://www.epefrance.org/wp-content/uploads/2024/09/Rede-Cursos-AES-2024-25-Site-Web.pdf" target="_blank" rel="noopener">Cursos para os alunos dos 2° e 3° ciclos e Secundário (c<em>o</em><em>llège</em> /<em>Lycée)</em></a><br />
O Camões I.P. coloca professores em associações para lecionar cursos de português em localidades onde não existe nos <em>collèges</em> e <em>lycées</em>. Os programas lecionados nestes cursos seguem o quadro europeu comum de referência para as línguas (CECRL). Os alunos podem obter um certificado de nível de proficiência de língua reconhecido oficialmente na Europa, realizando um exame de certificação. Estes exames são da responsabilidade do Camões I.P. e do Ministério da educação português e realizam-se anualmente em França, nas regiões onde há candidatos.</p>
<p><a href="https://www.epefrance.org/wp-content/uploads/2026/02/Formulario-Inscricao-AES-2026-2027_bilingue.pdf" target="_blank" rel="noopener"><strong>Formulário de inscrição para o ensino associativo &#8211;  ano letivo 2026/2027</strong></a></p>

<p>Collège e Lycée O ensino do português nos Collèges e Lycées é da responsabilidade do Ministério da Educação francês e é integrado no curriculo escolar do aluno. Consulte a lista de estabelecimentos que propõem português como LVE &#8211; Lingua Viva Estrangeira. Secções Internacionais Portuguesas O ensino do português nas secções internacionais é um dispositivo proposto pelo sistema [&hellip;]</p>
