{"id":6380,"date":"2023-07-18T10:33:03","date_gmt":"2023-07-18T10:33:03","guid":{"rendered":"http:\/\/www.epefrance.org\/?page_id=6380"},"modified":"2023-11-03T19:25:50","modified_gmt":"2023-11-03T19:25:50","slug":"links-uteis","status":"publish","type":"page","link":"https:\/\/www.epefrance.org\/fr\/links-uteis\/","title":{"rendered":"Links \u00dateis"},"content":{"rendered":"<p><span style=\"color: #000000;\"><a style=\"color: #000000;\" href=\"https:\/\/paris.embaixadaportugal.mne.gov.pt\/pt\/\" target=\"_blank\" rel=\"noopener\">Embaixada de Portugal em Fran\u00e7a<\/a><\/span><\/p>\n<p><span style=\"color: #000000;\"><a style=\"color: #000000;\" href=\"https:\/\/ecrivainsportugaisenfrance.com\/pt\/pagina-inicial\/\" target=\"_blank\" rel=\"noopener\">Ecrivains Portugais en France<\/a><\/span><\/p>\n<p><span style=\"color: #000000;\"><a style=\"color: #000000;\" href=\"https:\/\/www.instituto-camoes.pt\" target=\"_blank\" rel=\"noopener\">Cam\u00f5es, Instituto da Coopera\u00e7\u00e3o e da L\u00edngua<\/a><\/span><\/p>\n<p><span style=\"color: #000000;\"><a style=\"color: #000000;\" href=\"https:\/\/www.ciup.fr\/maisons\/maison-du-portugal-andre-de-gouveia\/\" target=\"_blank\" rel=\"noopener\">Casa de Portugal, Andr\u00e9 de Gouveia, Cit\u00e9 International Universitaire de Paris<\/a><\/span><\/p>\n<p><span style=\"color: #000000;\"><a style=\"color: #000000;\" href=\"https:\/\/gulbenkian.pt\/paris\/\" target=\"_blank\" rel=\"noopener\">Fondation Calouste Gulbenkian, D\u00e9l\u00e9gation en France<\/a><\/span><\/p>\n<p>&nbsp;<\/p>\n<p>&nbsp;<\/p>\n","protected":false},"excerpt":{"rendered":"<p>Embaixada de Portugal em Fran\u00e7a Ecrivains Portugais en France Cam\u00f5es, Instituto da Coopera\u00e7\u00e3o e da L\u00edngua Casa de Portugal, Andr\u00e9 de Gouveia, Cit\u00e9 International Universitaire de Paris Fondation Calouste Gulbenkian, D\u00e9l\u00e9gation en France &nbsp; &nbsp;<\/p>\n","protected":false},"author":1,"featured_media":0,"parent":0,"menu_order":0,"comment_status":"closed","ping_status":"closed","template":"","meta":{"_acf_changed":false,"footnotes":""},"class_list":["post-6380","page","type-page","status-publish","hentry"],"acf":[],"_links":{"self":[{"href":"https:\/\/www.epefrance.org\/fr\/wp-json\/wp\/v2\/pages\/6380","targetHints":{"allow":["GET"]}}],"collection":[{"href":"https:\/\/www.epefrance.org\/fr\/wp-json\/wp\/v2\/pages"}],"about":[{"href":"https:\/\/www.epefrance.org\/fr\/wp-json\/wp\/v2\/types\/page"}],"author":[{"embeddable":true,"href":"https:\/\/www.epefrance.org\/fr\/wp-json\/wp\/v2\/users\/1"}],"replies":[{"embeddable":true,"href":"https:\/\/www.epefrance.org\/fr\/wp-json\/wp\/v2\/comments?post=6380"}],"version-history":[{"count":5,"href":"https:\/\/www.epefrance.org\/fr\/wp-json\/wp\/v2\/pages\/6380\/revisions"}],"predecessor-version":[{"id":6860,"href":"https:\/\/www.epefrance.org\/fr\/wp-json\/wp\/v2\/pages\/6380\/revisions\/6860"}],"wp:attachment":[{"href":"https:\/\/www.epefrance.org\/fr\/wp-json\/wp\/v2\/media?parent=6380"}],"curies":[{"name":"wp","href":"https:\/\/api.w.org\/{rel}","templated":true}]}}

Links Úteis

<p><span style="color: #000000;"><a style="color: #000000;" href="https://paris.embaixadaportugal.mne.gov.pt/pt/" target="_blank" rel="noopener">Embaixada de Portugal em França</a></span></p>
<p><span style="color: #000000;"><a style="color: #000000;" href="https://ecrivainsportugaisenfrance.com/pt/pagina-inicial/" target="_blank" rel="noopener">Ecrivains Portugais en France</a></span></p>
<p><span style="color: #000000;"><a style="color: #000000;" href="https://www.instituto-camoes.pt" target="_blank" rel="noopener">Camões, Instituto da Cooperação e da Língua</a></span></p>
<p><span style="color: #000000;"><a style="color: #000000;" href="https://www.ciup.fr/maisons/maison-du-portugal-andre-de-gouveia/" target="_blank" rel="noopener">Casa de Portugal, André de Gouveia, Cité International Universitaire de Paris</a></span></p>
<p><span style="color: #000000;"><a style="color: #000000;" href="https://gulbenkian.pt/paris/" target="_blank" rel="noopener">Fondation Calouste Gulbenkian, Délégation en France</a></span></p>
<p>&nbsp;</p>
<p>&nbsp;</p>

<p>Embaixada de Portugal em França Ecrivains Portugais en France Camões, Instituto da Cooperação e da Língua Casa de Portugal, André de Gouveia, Cité International Universitaire de Paris Fondation Calouste Gulbenkian, Délégation en France &nbsp; &nbsp;</p>
