{"id":984,"date":"2015-12-18T00:43:45","date_gmt":"2015-12-17T23:43:45","guid":{"rendered":"http:\/\/www.epefrance.org\/?page_id=984"},"modified":"2022-09-08T15:58:37","modified_gmt":"2022-09-08T14:58:37","slug":"fundacao-calouste-gulbenkian-delegacao-em-franca","status":"publish","type":"page","link":"https:\/\/www.epefrance.org\/fr\/ligacoes-uteis\/fundacao-calouste-gulbenkian-delegacao-em-franca\/","title":{"rendered":"Funda\u00e7\u00e3o Calouste Gulbenkian &#8211; Delega\u00e7\u00e3o em Fran\u00e7a"},"content":{"rendered":"<p style=\"text-align: center;\"><a href=\"https:\/\/www.epefrance.org\/wp-content\/uploads\/2020\/11\/Fondation-gulbenkian-e1605109718610.jpeg\"><img loading=\"lazy\" decoding=\"async\" class=\"wp-image-4044 size-medium aligncenter\" src=\"https:\/\/www.epefrance.org\/wp-content\/uploads\/2020\/11\/Fondation-gulbenkian-e1605110290757-300x91.jpeg\" alt=\"\" width=\"300\" height=\"91\" srcset=\"https:\/\/www.epefrance.org\/wp-content\/uploads\/2020\/11\/Fondation-gulbenkian-e1605110290757-300x91.jpeg 300w, https:\/\/www.epefrance.org\/wp-content\/uploads\/2020\/11\/Fondation-gulbenkian-e1605110290757.jpeg 400w\" sizes=\"auto, (max-width: 300px) 100vw, 300px\" \/><\/a><\/p>\n<blockquote class=\"wp-embedded-content\" data-secret=\"wi6pnJBIFY\"><p><a href=\"https:\/\/gulbenkian.pt\/paris\/\">Gulbenkian Paris<\/a><\/p><\/blockquote>\n<p><iframe loading=\"lazy\" class=\"wp-embedded-content\" sandbox=\"allow-scripts\" security=\"restricted\" style=\"position: absolute; clip: rect(1px, 1px, 1px, 1px);\" title=\"\u00ab\u00a0Gulbenkian Paris\u00a0\u00bb &#8212; Fondation Calouste Gulbenkian Paris\" src=\"https:\/\/gulbenkian.pt\/paris\/embed\/#?secret=S3bD8SeKSI#?secret=wi6pnJBIFY\" data-secret=\"wi6pnJBIFY\" width=\"500\" height=\"282\" frameborder=\"0\" marginwidth=\"0\" marginheight=\"0\" scrolling=\"no\"><\/iframe><\/p>\n<p><strong>Fondation Calouste Gulbenkian \u2013 D\u00e9l\u00e9gation en France<\/strong><br \/>\n54, Bd Raspail<br \/>\n75006 Paris<\/p>\n<p>M\u00e9tro: S\u00e8vres \u2013 Babylone, Rennes (ligne 12), Saint-Placide (ligne 4)<br \/>\nBus: 68, 94 (arr\u00eat Rue du Cherche Midi)<\/p>\n<p><strong><a href=\"https:\/\/gulbenkian.pt\/paris\/bibliotheque\/\" target=\"_blank\" rel=\"noopener noreferrer\">Biblioth\u00e8que Gulbenkian<\/a><br \/>\n<\/strong>Maison du Portugal<br \/>\n7p, Bd Jourdan<br \/>\n75014 Paris<strong><br \/>\n<\/strong><\/p>\n<p>RER B \u2013 Cit\u00e9 Universitaire<br \/>\nTram\u00a0 T3a \u2013 Cit\u00e9 Universitaire<\/p>\n","protected":false},"excerpt":{"rendered":"<p>Gulbenkian Paris Fondation Calouste Gulbenkian \u2013 D\u00e9l\u00e9gation en France 54, Bd Raspail 75006 Paris M\u00e9tro: S\u00e8vres \u2013 Babylone, Rennes (ligne 12), Saint-Placide (ligne 4) Bus: 68, 94 (arr\u00eat Rue du Cherche Midi) Biblioth\u00e8que Gulbenkian Maison du Portugal 7p, Bd Jourdan 75014 Paris RER B \u2013 Cit\u00e9 Universitaire Tram\u00a0 T3a \u2013 Cit\u00e9 Universitaire<\/p>\n","protected":false},"author":4,"featured_media":0,"parent":131,"menu_order":0,"comment_status":"closed","ping_status":"closed","template":"","meta":{"_acf_changed":false,"footnotes":""},"class_list":["post-984","page","type-page","status-publish","hentry"],"acf":[],"_links":{"self":[{"href":"https:\/\/www.epefrance.org\/fr\/wp-json\/wp\/v2\/pages\/984","targetHints":{"allow":["GET"]}}],"collection":[{"href":"https:\/\/www.epefrance.org\/fr\/wp-json\/wp\/v2\/pages"}],"about":[{"href":"https:\/\/www.epefrance.org\/fr\/wp-json\/wp\/v2\/types\/page"}],"author":[{"embeddable":true,"href":"https:\/\/www.epefrance.org\/fr\/wp-json\/wp\/v2\/users\/4"}],"replies":[{"embeddable":true,"href":"https:\/\/www.epefrance.org\/fr\/wp-json\/wp\/v2\/comments?post=984"}],"version-history":[{"count":24,"href":"https:\/\/www.epefrance.org\/fr\/wp-json\/wp\/v2\/pages\/984\/revisions"}],"predecessor-version":[{"id":5995,"href":"https:\/\/www.epefrance.org\/fr\/wp-json\/wp\/v2\/pages\/984\/revisions\/5995"}],"up":[{"embeddable":true,"href":"https:\/\/www.epefrance.org\/fr\/wp-json\/wp\/v2\/pages\/131"}],"wp:attachment":[{"href":"https:\/\/www.epefrance.org\/fr\/wp-json\/wp\/v2\/media?parent=984"}],"curies":[{"name":"wp","href":"https:\/\/api.w.org\/{rel}","templated":true}]}}

Fundação Calouste Gulbenkian &#8211; Delegação em França

<p style="text-align: center;"><a href="https://www.epefrance.org/wp-content/uploads/2020/11/Fondation-gulbenkian-e1605109718610.jpeg"><img loading="lazy" decoding="async" class="wp-image-4044 size-medium aligncenter" src="https://www.epefrance.org/wp-content/uploads/2020/11/Fondation-gulbenkian-e1605110290757-300x91.jpeg" alt="" width="300" height="91" srcset="https://www.epefrance.org/wp-content/uploads/2020/11/Fondation-gulbenkian-e1605110290757-300x91.jpeg 300w, https://www.epefrance.org/wp-content/uploads/2020/11/Fondation-gulbenkian-e1605110290757.jpeg 400w" sizes="auto, (max-width: 300px) 100vw, 300px" /></a></p>
<blockquote class="wp-embedded-content" data-secret="wi6pnJBIFY"><p><a href="https://gulbenkian.pt/paris/">Gulbenkian Paris</a></p></blockquote>
<p><iframe loading="lazy" class="wp-embedded-content" sandbox="allow-scripts" security="restricted" style="position: absolute; clip: rect(1px, 1px, 1px, 1px);" title="« Gulbenkian Paris » &#8212; Fondation Calouste Gulbenkian Paris" src="https://gulbenkian.pt/paris/embed/#?secret=S3bD8SeKSI#?secret=wi6pnJBIFY" data-secret="wi6pnJBIFY" width="500" height="282" frameborder="0" marginwidth="0" marginheight="0" scrolling="no"></iframe></p>
<p><strong>Fondation Calouste Gulbenkian – Délégation en France</strong><br />
54, Bd Raspail<br />
75006 Paris</p>
<p>Métro: Sèvres – Babylone, Rennes (ligne 12), Saint-Placide (ligne 4)<br />
Bus: 68, 94 (arrêt Rue du Cherche Midi)</p>
<p><strong><a href="https://gulbenkian.pt/paris/bibliotheque/" target="_blank" rel="noopener noreferrer">Bibliothèque Gulbenkian</a><br />
</strong>Maison du Portugal<br />
7p, Bd Jourdan<br />
75014 Paris<strong><br />
</strong></p>
<p>RER B – Cité Universitaire<br />
Tram  T3a – Cité Universitaire</p>

<p>Gulbenkian Paris Fondation Calouste Gulbenkian – Délégation en France 54, Bd Raspail 75006 Paris Métro: Sèvres – Babylone, Rennes (ligne 12), Saint-Placide (ligne 4) Bus: 68, 94 (arrêt Rue du Cherche Midi) Bibliothèque Gulbenkian Maison du Portugal 7p, Bd Jourdan 75014 Paris RER B – Cité Universitaire Tram  T3a – Cité Universitaire</p>
